9?
False
Is 39 a factor of 898?
False
Is 79 a factor of 14404?
False
Does 6 divide 2241?
False
Is 9 a factor of 12456?
True
Does 14 divide 6286?
True
Does 48 divide 1632?
True
Is 543 a multiple of 9?
False
Is 62437 a multiple of 225?
False
Is 69 a factor of 5796?
True
Is 47 a factor of 2493?
False
Is 7 a factor of 4452?
True
Is 35 a factor of 688?
False
Does 24 divide 168?
True
Is 1156 a multiple of 16?
False
Is 33 a factor of 5775?
True
Is 2 a factor of 47?
False
Does 9 divide 6273?
True
Is 27519 a multiple of 45?
False
Is 15 a factor of 405?
True
Is 4411 a multiple of 11?
True
Is 14 a factor of 406?
True
Does 17 divide 823?
False
Is 23 a multiple of 2?
False
Does 40 divide 400?
True
Is 36651 a multiple of 191?
False
Is 175 a factor of 4200?
True
Is 10 a factor of 300?
True
Is 8676 a multiple of 83?
False
Is 6190 a multiple of 18?
False
Is 2754 a multiple of 51?
True
Is 40 a factor of 1280?
True
Is 19 a factor of 57?
True
Is 104 a factor of 12099?
False
Is 58 a factor of 31552?
True
Is 4 a factor of 196?
True
Does 60 divide 2040?
True
Is 25 a factor of 52225?
True
Does 15 divide 9114?
False
Is 2171 a multiple of 72?
False
Does 13 divide 2398?
False
Is 6 a factor of 906?
True
Is 13 a factor of 3861?
True
Is 15 a factor of 74627?
False
Is 15 a factor of 1277?
False
Is 1752 a multiple of 8?
True
Is 104150 a multiple of 25?
True
Does 60 divide 15634?
False
Is 6017 a multiple of 75?
False
Is 1392 a multiple of 16?
True
Is 15551 a multiple of 4?
False
Is 1747 a multiple of 125?
False
Does 242 divide 21258?
False
Is 29 a factor of 2088?
True
Is 9840 a multiple of 80?
True
Is 2946 a multiple of 9?
False
Does 9 divide 5785?
False
Is 10 a factor of 241?
False
Is 35 a factor of 4305?
True
Is 840 a multiple of 46?
False
Does 4 divide 1461?
False
Does 7 divide 1416?
False
Does 66 divide 43560?
True
Is 2485 a multiple of 21?
False
Is 2192 a multiple of 60?
False
Does 6 divide 1842?
True
Is 61 a factor of 6893?
True
Does 64 divide 163?
False
Is 69 a factor of 2070?
True
Is 28 a factor of 113?
False
Is 948 a multiple of 36?
False
Does 14 divide 18?
False
Is 171 a multiple of 159?
False
Is 8 a factor of 20?
False
Does 33 divide 1188?
True
Is 12 a factor of 84?
True
Is 396 a multiple of 4?
True
Does 15 divide 56070?
True
Is 29 a factor of 10897?
False
Is 35 a factor of 639?
False
Is 180 a multiple of 4?
True
Is 13607 a multiple of 36?
False
Is 3 a factor of 463?
False
Is 20 a factor of 8100?
True
Is 106 a factor of 3264?
False
Is 644 a multiple of 20?
False
Does 31 divide 235?
False
Is 2 a factor of 135?
False
Is 14057 even?
False
Is 33684 a multiple of 12?
True
Is 9270 a multiple of 30?
True
Is 4810 a multiple of 5?
True
Is 1444 a multiple of 19?
True
Does 10 divide 4650?
True
Is 45 a factor of 29616?
False
Does 267 divide 31107?
False
Is 14 a factor of 3948?
True
Is 703 a multiple of 37?
True
Does 116 divide 17173?
False
Is 16 a factor of 5280?
True
Does 99 divide 1386?
True
Does 25 divide 1800?
True
Does 7 divide 80?
False
Is 164 a multiple of 5?
False
Is 145 a factor of 76519?
False
Is 372 a multiple of 124?
True
Is 32 a factor of 3656?
False
Is 46 a factor of 30820?
True
Is 73 a factor of 1168?
True
Is 23 a factor of 2391?
False
Does 86 divide 22532?
True
Is 948 a multiple of 79?
True
Does 6 divide 1512?
True
Is 8232 a multiple of 14?
True
Does 37 divide 333?
True
Does 28 divide 12798?
False
Is 2857 a multiple of 3?
False
Is 7 a factor of 280?
True
Is 18 a multiple of 9?
True
Is 2 a factor of 176?
True
Does 45 divide 2506?
False
Is 1595 a multiple of 11?
True
Is 2740 a multiple of 5?
True
Is 66 a multiple of 22?
True
Does 3 divide 4512?
True
Does 33 divide 132?
True
Is 800 a multiple of 48?
False
Is 4227 a multiple of 8?
False
Is 21 a multiple of 3?
True
Does 30 divide 836?
False
Does 67 divide 2734?
False
Does 75 divide 4530?
False
Is 7 a factor of 10162?
False
Is 211 a factor of 12665?
False
Is 956 a multiple of 6?
False
Does 203 divide 2644?
False
Does 12 divide 1524?
True
Is 12512 a multiple of 184?
True
Is 155 a factor of 8215?
True
Does 348 divide 64728?
True
Is 14 a factor of 3682?
True
Is 1350 a multiple of 15?
True
Is 42 a factor of 8000?
False
Does 11 divide 462?
True
Is 1463 a multiple of 19?
True
Is 19 a factor of 3836?
False
Does 6 divide 8340?
True
Is 56441 a multiple of 12?
False
Does 30 divide 326?
False
Does 6 divide 270?
True
Is 211 a multiple of 5?
False
Is 15 a factor of 753?
False
Does 12 divide 1566?
False
Does 20 divide 30360?
True
Is 11 a factor of 287?
False
Does 55 divide 28515?
False
Does 44 divide 836?
True
Is 38 a factor of 3598?
False
Does 340 divide 7140?
True
Is 4950 a multiple of 10?
True
Does 70 divide 1484?
False
Is 69 a factor of 67834?
False
Is 94 a factor of 6868?
False
Does 63 divide 599?
False
Is 4444 a multiple of 19?
False
Does 10 divide 970?
True
Is 19 a factor of 1867?
False
Is 109 a multiple of 18?
False
Is 67 a factor of 4817?
False
Does 3 divide 8715?
True
Is 179 a factor of 32527?
False
Does 24 divide 384?
True
Does 33 divide 3582?
False
Does 230 divide 24840?
True
Is 1462 a multiple of 9?
False
Does 50 divide 16400?
True
Is 9450 a multiple of 70?
True
Is 12130 a multiple of 23?
False
Is 3 a factor of 125?
False
Does 16 divide 1584?
True
Is 29078 a multiple of 134?
True
Is 1626 even?
True
Does 224 divide 52864?
True
Is 12 a factor of 15731?
False
Is 594 a multiple of 13?
False
Is 10 a factor of 422?
False
Is 57 a factor of 780?
False
Is 4 a factor of 4648?
True
Does 26 divide 38460?
False
Does 4 divide 680?
True
Is 70 a factor of 2678?
False
Is 15 a factor of 107850?
True
Does 20 divide 280?
True
Is 133 a factor of 3458?
True
Is 126005 a multiple of 88?
False
Does 20 divide 24401?
False
Is 1479 a multiple of 133?
False
Is 33 a factor of 93?
False
Is 9 a factor of 1295?
False
Does 7 divide 18?
False
Does 7 divide 2015?
False
Is 15989 a multiple of 10?
False
Does 12 divide 2076?
True
Is 20 a factor of 1000?
True
Does 9 divide 14746?
False
Does 211 divide 74351?
False
Is 434 a multiple of 6?
False
Is 24 a factor of 5232?
True
Is 6 a factor of 38778?
True
Does 4 divide 32?
True
Is 4 a factor of 218?
False
Is 324 a multiple of 6?
True
Does 119 divide 1521?
False
Is 4608 a multiple of 64?
True
Is 10 a multiple of 10?
True
Does 4 divide 222?
False
Is 109 a multiple of 38?
False
Is 160 a multiple of 10?
True
Is 12096 a multiple of 96?
True
Is 249 a multiple of 47?
False
Is 53115 a multiple of 47?
False
Does 16 divide 2361?
False
Does 62 divide 1116?
True
Is 165 a factor of 14504?
False
Does 4 divide 2814?
False
Is 37 a factor of 13663?
False
Does 8 divide 76560?
True
Is 8 a factor of 5998?
False
Is 315 a multiple of 63?
True
Is 1248 a multiple of 16?
True
Does 6 divide 683?
False
Is 218 a factor of 22672?
True
Is 8 a factor of 1104?
True
Is 18441 a multiple of 153?
False
Is 10 a factor of 22857?
False
Does 24 divide 4614?
False
Does 72 divide 14832?
True
Is 9290 a multiple of 76?
False
Is 25 a factor of 425?
True
Is 19 a factor of 10364?
False
Does 26 divide 546?
True
Does 106 divide 9752?
True
Is 6314 a multiple of 96?
False
Is 153 a factor of 49341?
False
Is 14 a factor of 9851?
False
Is 65 a factor of 13538?
False
Is 140 a multiple of 35?
True
Is 27 a factor of 20255?
False
Is 23413 a multiple of 11?
False
Is 42 a factor of 194?
False
Does 25 divide 4250?
True
Does 22 divide 2662?
True
Does 11 divide 31218?
True
Is 11368 a multiple of 28?
True
Is 266 a multiple of 14?
True
Is 5219 a multiple of 17?
True
Does 10 divide 24710?
True
Does 14 divide 110?
False
Does 15 divide 5266?
False
Is 266 a multiple of 38?
True
Does 11 divide 35101?
True
Is 8160 a multiple of 10?
True
Is 58 a factor of 60945?
False
Is 373 a factor of 96747?
False
Does 11 divide 43098?
True
Does 17 divide 614?
False
Is 3973 a multiple of 9?
False
Is 3576 a multiple of 8?
True
Does 32 divide 35904?
True
Does 46 divide 3128?
True
Is 12066 a multiple of 105?
False
Does 72 divide 5544?
True
Does 36 divide 1728?
True
Is 178 a multiple of 7?
False
Is 7 a factor of 699?
False
Is 120916 a multiple of 37?
True
Does 18 divide 465?
False
Is 7 a factor of 140?
True
Does 37 divide 2185?
False
Is 66 a factor of 10293?
False
Is 24 a factor of 50308?
False
Does 119 divide 4522?
True
Is 2803 a multiple of 51?
False
Does 21 divide 525?
True
Is 32 a factor of 3